 1942128328?
3
What is the ten millions digit of 243224452?
4
What is the hundreds digit of 449380033?
0
What is the ten millions digit of 1478885956?
7
What is the units digit of 33276531?
1
What is the hundred millions digit of 1225471981?
2
What is the hundreds digit of 214439481?
4
What is the millions digit of 311406286?
1
What is the millions digit of 1099680775?
9
What is the millions digit of 1326533493?
6
What is the thousands digit of 446088267?
8
What is the hundred thousands digit of 201674137?
6
What is the ten millions digit of 28599031?
2
What is the hundreds digit of 1015386787?
7
What is the tens digit of 49329222?
2
What is the hundred thousands digit of 27700677?
7
What is the millions digit of 3493075?
3
What is the ten thousands digit of 1527271806?
7
What is the hundred thousands digit of 20109562?
1
What is the ten millions digit of 113670231?
1
What is the hundred thousands digit of 37347409?
3
What is the thousands digit of 84497560?
7
What is the tens digit of 55152664?
6
What is the hundred millions digit of 100710162?
1
What is the millions digit of 337228351?
7
What is the tens digit of 11838965?
6
What is the thousands digit of 598204646?
4
What is the thousands digit of 356278008?
8
What is the millions digit of 8151844?
8
What is the ten millions digit of 497947334?
9
What is the ten thousands digit of 1541810039?
1
What is the thousands digit of 1672490555?
0
What is the thousands digit of 5654832094?
2
What is the millions digit of 1790377893?
0
What is the ten thousands digit of 158537219?
3
What is the millions digit of 37741246?
7
What is the hundred thousands digit of 73482547?
4
What is the ten millions digit of 62375566?
6
What is the millions digit of 567659830?
7
What is the millions digit of 220166611?
0
What is the ten millions digit of 432807167?
3
What is the millions digit of 648359327?
8
What is the ten millions digit of 60365172?
6
What is the units digit of 242192806?
6
What is the hundreds digit of 397053839?
8
What is the millions digit of 2661463255?
1
What is the ten millions digit of 1114758646?
1
What is the units digit of 3617906015?
5
What is the hundred thousands digit of 191447969?
4
What is the hundreds digit of 185946422?
4
What is the billions digit of 1604101018?
1
What is the units digit of 313866884?
4
What is the hundred thousands digit of 654649755?
6
What is the units digit of 671114455?
5
What is the hundred thousands digit of 47214845?
2
What is the tens digit of 214525898?
9
What is the ten thousands digit of 310972661?
7
What is the hundreds digit of 70170250?
2
What is the hundreds digit of 1000845186?
1
What is the units digit of 282456384?
4
What is the millions digit of 623323376?
3
What is the ten thousands digit of 952969195?
6
What is the thousands digit of 16465516?
5
What is the ten millions digit of 50951263?
5
What is the millions digit of 27893303?
7
What is the tens digit of 117498179?
7
What is the hundreds digit of 139102749?
7
What is the hundred millions digit of 177387883?
1
What is the ten thousands digit of 22609558?
0
What is the hundreds digit of 1872185171?
1
What is the ten thousands digit of 337636893?
3
What is the ten millions digit of 60415662?
6
What is the hundred millions digit of 105459415?
1
What is the ten millions digit of 258424186?
5
What is the hundreds digit of 40785042?
0
What is the millions digit of 957543957?
7
What is the tens digit of 47225252?
5
What is the hundred millions digit of 120879126?
1
What is the ten millions digit of 2093898432?
9
What is the ten thousands digit of 4542052093?
5
What is the ten millions digit of 505582627?
0
What is the ten thousands digit of 681217192?
1
What is the millions digit of 5299993395?
9
What is the ten millions digit of 48100968?
4
What is the tens digit of 94749770?
7
What is the units digit of 17244045?
5
What is the hundred millions digit of 1684229964?
6
What is the hundreds digit of 284062721?
7
What is the ten millions digit of 36820452?
3
What is the tens digit of 89839559?
5
What is the millions digit of 556422080?
6
What is the thousands digit of 481932422?
2
What is the ten thousands digit of 293129750?
2
What is the millions digit of 300096055?
0
What is the millions digit of 2315334740?
5
What is the millions digit of 438701195?
8
What is the hundreds digit of 622906738?
7
What is the tens digit of 185584530?
3
What is the hundred millions digit of 8909502090?
9
What is the thousands digit of 410297434?
7
What is the tens digit of 55450275?
7
What is the hundreds digit of 243385237?
2
What is the ten millions digit of 218737981?
1
What is the ten millions digit of 21945244?
2
What is the ten millions digit of 31139405?
3
What is the hundred millions digit of 6497675374?
4
What is the tens digit of 4092414869?
6
What is the billions digit of 3890790116?
3
What is the ten thousands digit of 937630021?
3
What is the units digit of 123700107?
7
What is the units digit of 47703694?
4
What is the tens digit of 58086566?
6
What is the hundreds digit of 916001?
0
What is the hundreds digit of 198382254?
2
What is the units digit of 814512919?
9
What is the tens digit of 53393568?
6
What is the ten millions digit of 247439587?
4
What is the ten millions digit of 108306391?
0
What is the hundreds digit of 717499842?
8
What is the hundred thousands digit of 79298450?
2
What is the thousands digit of 419084786?
4
What is the hundred thousands digit of 102184080?
1
What is the ten millions digit of 1466431334?
6
What is the ten thousands digit of 992922064?
2
What is the tens digit of 46370741?
4
What is the hundreds digit of 1366267660?
6
What is the billions digit of 4989606167?
4
What is the tens digit of 11687089?
8
What is the ten millions digit of 30611304?
3
What is the billions digit of 3454030384?
3
What is the units digit of 641522137?
7
What is the hundreds digit of 549861990?
9
What is the units digit of 66131732?
2
What is the millions digit of 979786754?
9
What is the units digit of 55661481?
1
What is the hundreds digit of 1815892889?
8
What is the billions digit of 3864721129?
3
What is the hundreds digit of 252649285?
2
What is the thousands digit of 179660584?
0
What is the tens digit of 627672243?
4
What is the hundreds digit of 2104421633?
6
What is the hundred thousands digit of 691558320?
5
What is the millions digit of 719678870?
9
What is the thousands digit of 195193424?
3
What is the ten millions digit of 246413128?
4
What is the hundred millions digit of 163021062?
1
What is the tens digit of 22598058?
5
What is the thousands digit of 32947078?
7
What is the hundred millions digit of 2081994698?
0
What is the tens digit of 191471381?
8
What is the ten thousands digit of 37690853?
9
What is the millions digit of 63892478?
3
What is the tens digit of 98686645?
4
What is the hundreds digit of 788010983?
9
What is the hundred millions digit of 6687432072?
6
What is the hundreds digit of 13581680?
6
What is the tens digit of 4817045074?
7
What is the units digit of 3265612288?
8
What is the thousands digit of 4430940991?
0
What is the hundred thousands digit of 7366096?
3
What is the hundreds digit of 448473629?
6
What is the ten thousands digit of 688706318?
0
What is the ten millions digit of 43215854?
4
What is the ten thousands digit of 360279274?
7
What is the ten thousands digit of 543269094?
6
What is the millions digit of 10831229?
0
What is the hundreds digit of 2344328897?
8
What is the ten thousands digit of 135872582?
7
What is the hundreds digit of 1694385?
3
What is the billions digit of 2807522166?
2
What is the hundred millions digit of 158594791?
1
What is the ten thousands digit of 1482596649?
9
What is the ten thousands digit of 277852308?
5
What is the thousands digit of 317629246?
9
What is the hundred thousands digit of 98732710?
7
What is the tens digit of 131825865?
6
What is the ten thousands digit of 347781631?
8
What is the tens digit of 5742840?
4
What is the tens digit of 330720693?
9
What is the units digit of 978180235?
5
What is the hundreds digit of 374083801?
8
What is the tens digit of 112495334?
3
What is the tens digit of 4113565076?
7
What is the millions digit of 136690400?
6
What is the ten thousands digit of 430433168?
3